ime number?
False
Let p(f) = 216*f**2 - 7*f - 11. Suppose -3*n = -4*u + 22, -4*n + 4*u - 25 - 3 = 0. Is p(n) a prime number?
False
Suppose -7*v = -3*v + 4*s - 104, 0 = v + 3*s - 24. Let p(h) = 432*h - 85. Is p(v) prime?
True
Let b be (-4)/6 - (-1520)/120. Is (56/b*1839)/2 composite?
True
Let n = -178 + 94. Let v = 84 + n. Suppose 4*q - 2*q - 737 = -o, v = 3*o + q - 2226. Is o composite?
False
Is (-24 + -45850)*(2 - 1)/(-2) composite?
False
Suppose -11*t + 15 = -51. Suppose -t*i = 123 + 105. Let x = i - -125. Is x a prime number?
False
Suppose 16*g - 24 = 40. Let q(z) = -37 + 523*z + 55*z - 98*z. Is q(g) a composite number?
True
Let r(y) = -148*y**3 - 54*y**2 - 4*y - 33. Is r(-5) a prime number?
True
Suppose -1373*p = -1315*p - 12939046. Is p a prime number?
True
Suppose 3*q = -52 + 61. Suppose -502 + 5629 = q*h. Is h composite?
False
Let w = 8867 + 2444. Is w a prime number?
True
Let q(y) = -22715*y + 437. Is q(-6) prime?
True
Let c(x) be the third derivative of x**6/60 + x**5/12 + 5*x**4/24 + 2*x**3 + 34*x**2. Let q be c(-3). Is 1 + (q/(-24))/((-2)/(-7368)) composite?
True
Suppose 3792 = -q + 4*q - 5*g, 0 = -4*q - 5*g + 5056. Suppose -28*c - 5*h + q = -27*c, -c + 1261 = 2*h. Is c prime?
True
Let j(f) = -f**2 + 22*f + 19. Let l be j(20). Is (l/(-3) + -1)*(-177)/2 a composite number?
True
Let k be (-2 + -8)*36/18. Is -2*(482/(-12) + k/(-30)) composite?
False
Suppose -5*p + 3*s = -465335, 54*s = 58*s. Is p prime?
False
Suppose -2*a + 286 + 172 = 3*z, 4*z = a - 207. Suppose 0 = -201*j + a*j - 49874. Is j a composite number?
False
Suppose 10*c - 69 + 19 = 0. Suppose -7185 - 3080 = -c*d. Let t = d + -14. Is t a prime number?
True
Let d = -39 + 42. Suppose h - 2*z = d*z + 17, 3*h - z = 37. Is 2 + h/(-8) + 3117/2 composite?
False
Let y be (-8)/16*-2*(1 + 0). Let d(m) = 1247*m + 12. Is d(y) a prime number?
True
Let u(t) = -16*t + 6 - 132*t - 6 + 3. Let h = -443 - -440. Is u(h) a composite number?
True
Let k be 5488 + 1 - (-5 + (14 - 6)). Is ((-6)/(-4) - 0)/(13/k) a prime number?
False
Suppose -4*l - 20 = 4. Is (-406)/4*(l - -4) a composite number?
True
Let q(j) = 1140*j**2 - 7*j - 14. Let v be q(-4). Is 1/(3/v*64/96) composite?
False
Let f = 237 + 1616. Is f composite?
True
Let v be ((-4460)/(-8))/((-3)/(-6)). Let w = v - 685. Suppose -3*r + 0*p + 257 = 2*p, -5*r = 3*p - w. Is r a composite number?
False
Suppose -2*k + 10 = 4*j, -3*j + 19*k + 7 = 20*k. Suppose -2*x - 2*c + 10326 = j*x, -4*x + 4*c + 10296 = 0. Is x prime?
True
Let z be ((-21)/(-3) - 4)*-3. Is 21434 + 12 + 63/z composite?
True
Let n(d) = -1 - 2 + 7*d - 6*d + 5. Let k be n(-2). Suppose k = 3*j - 0*y + 2*y - 1193, 1988 = 5*j + 3*y. Is j prime?
True
Let d = -17 + 50. Let f(g) = g + 5*g + d - 7*g. Is f(7) composite?
True
Let y be (-15799)/(-21) - 8/(-12). Suppose 133*t = 130*t + y. Is t composite?
False
Let m(f) = 103*f**3 + 5*f**2 - 3*f + 4. Let y(s) = -103*s**3 - 6*s**2 + 4*s - 2. Let c(i) = -2*m(i) - 3*y(i). Is c(3) composite?
False
Suppose -x - 2*x = 0. Suppose 16 = -2*j - x*j. Is (-10)/(-3)*852/j*-1 prime?
False
Suppose 5*z + 251 = -y + 1037, 3*z - 2*y - 482 = 0. Let x = 173 + z. Is x prime?
True
Suppose -1208*h + 1233*h - 4132175 = 0. Is h a prime number?
True
Let n(f) = 1732*f + 2053. Is n(22) prime?
False
Let f(h) be the second derivative of h**4/12 + h**3/2 - 2*h**2 - 10*h. Let n be f(-4). Suppose n = 8*l - 6*l - 166. Is l a composite number?
False
Suppose -10*b = -7*b - z + 4, b - 8 = -2*z. Suppose a - 4*g - 4771 = b, 4*g - 11437 = 5*a - 35340. Is a prime?
True
Let o = -392 - -397. Suppose -2*d + 10774 = -4*f + 5*f, 5*d - o*f - 26920 = 0. Is d prime?
False
Let t = 647 + -646. Is (-9444)/(-12)*(0 + t) a prime number?
True
Is (-4)/(-1)*(-3 - (-78247)/52) prime?
True
Suppose 33*i = 4*i - 15487 + 418500. Is i a composite number?
True
Suppose 30*x - 602801 = 9*x + 6820258. Is x composite?
True
Suppose -9*y + 704 = -646. Let g = y + 7. Is g prime?
True
Suppose -62*a = -73*a + 4402079. Is a a prime number?
False
Let v(n) = 3*n + 2. Let z = -3 - -7. Let g be v(z). Suppose -3*f - 12661 = -g*f. Is f a prime number?
True
Is ((-2)/((-32)/1251356))/((-6)/(-24)) prime?
True
Let m(c) = -15*c + 87. Let t be m(5). Suppose t*z + 6837 = 110313. Is z a prime number?
True
Let w = 60 - 52. Suppose 0 = 4*o - 2*u - u + w, -5*u = 2*o - 22. Is o/(-3 + 1 + 117/57) a prime number?
True
Let w = 242128 - 32913. Is w a prime number?
False
Suppose 7*y - 40 = -3*y. Suppose -2*i - 5*s + 533 = 0, i - s + y*s - 265 = 0. Is i a composite number?
True
Suppose 6*r = 3*r + 9. Let y(l) = 547*l - 846. Let q be y(12). Suppose 5*j = -3*h + 3157 + 2579, -j = -r*h + q. Is h a composite number?
False
Suppose 0 = -139*m + 137*m + 10. Is (20/(-6))/m*(-440712)/48 a prime number?
True
Let i(v) = 536*v + 33. Let w be i(7). Let t = w - 2082. Is t prime?
False
Let n = -17 - -15. Let u be (60 - (1 - 3))/(n/(-12)). Suppose y - 1325 = -u. Is y composite?
False
Let g(o) = 2*o + 32. Let w be g(-15). Let c be 2 + -4 + (w/(-1) - -4). Suppose c = 2*z - 4*x - 691 - 419, 3*z - 1685 = -4*x. Is z prime?
False
Let k = 120111 + -76100. Is k prime?
False
Let t(l) = 400 - 13*l**2 + 16*l + 52*l**2 - 23*l - 399. Suppose 0 = -b + 2*b + 3. Is t(b) a prime number?
True
Suppose 8 = h + 5. Suppose -2*r + 4*r = h*z + 1094, -5*r + z = -2709. Is r prime?
True
Suppose -5*i + 14*i - 15513104 = -7*i. Is i composite?
False
Let j(w) be the third derivative of w**5/60 + 3*w**4/8 - 4*w**3/3 - 3*w**2. Let v be j(-10). Is 3 + v*101 + 12/(-6) prime?
False
Let g(v) = -6*v**3 - 154*v**2 + v - 418. Is g(-29) composite?
True
Suppose 288 = -q + 3*w, 19*q - 21*q - 2*w = 584. Let l(n) = 21*n + 4. Let m be l(-4). Let k = m - q. Is k a prime number?
True
Let s(w) = w**3 - 3*w**2 - w + 7. Let k = 42 - 39. Let y be s(k). Is (-2312)/(-9) + y/36 composite?
False
Let m(q) = 37*q**2 + 8*q + 16. Let z(r) = -36*r**2 - 9*r - 19. Let c(n) = 5*m(n) + 4*z(n). Is c(-5) a prime number?
True
Let o = 68 - 88. Is 3508*((-165)/o + -8) composite?
False
Let u be 42/49 - (630/49)/(-6). Let q(l) be the first derivative of 409*l**2 - l - 2. Is q(u) composite?
True
Suppose 1965 + 2578 = -w - h, 4*h - 22688 = 5*w. Let d = 733 - w. Is d prime?
True
Let b(y) = -824*y**3 + 20*y**2 + 110*y + 795. Is b(-8) a prime number?
True
Is 1374357/(-24)*(-205 - -197) prime?
True
Suppose 155807 = n - w, -45*n - 5*w = -48*n + 467429. Is n a composite number?
True
Let g(q) = q**3 - 3*q**2 - 29*q + 4. Let b be g(7). Is (-12598)/(5 + -4 + b) a composite number?
False
Let y(a) = -a**3 + 5*a**2 - 2. Let z(w) = w**2 - 1. Let b(l) = -y(l) + 4*z(l). Let t be b(2). Is 37/t*1*10 prime?
False
Let q(a) = -7*a**3 + 5*a**2 - 36*a - 103. Is q(-21) a prime number?
False
Suppose -3*t - 12*t = -75. Suppose -2*n - 42985 = -t*v, n - 8597 = -7*v + 6*v. Is v a prime number?
True
Let i(p) = 27*p**2 + p - 68. Let j be i(-16). Suppose j = 62*t - 56*t. Is t prime?
False
Let q(x) be the third derivative of -x**6/120 - x**5/6 - 5*x**4/8 - 4*x**3/3 - 16*x**2. Let d be (-4)/12 + (-87)/9. Is q(d) a composite number?
True
Suppose -10*b - 6383160 = -69*b + 474941. Is b composite?
False
Is ((-5991055)/119)/((-4)/18 + 21/(-27)) a composite number?
True
Let f = 1721 + -3610. Let i = f + 3102. Is i prime?
True
Let n be (-5)/20 - 82/(-8). Suppose 68 = -n*p + 8. Is (p - -3) + (6 - -3212) prime?
False
Let c(l) = l**3 - 2*l**2 - 6*l - 6. Suppose 4*k - 21 = 5*v, -7 = -2*k - 3*v - 2. Let j be c(k). Is j/(-9) + 59111/117 composite?
True
Let v = 742 + 1649. Suppose -14*i - v = -17*i. Is i prime?
True
Let w be 15/60 + 1037/(-4)*-7. Let a = -1037 + w. Is a prime?
False
Let n = 2126 + 14981. Is n a prime number?
True
Suppose 40*s - 6604 = 44*s. Let g = s - -3012. Is g a composite number?
False
Let h be 21578330/80 + (-2)/16. Suppose -12*x = -777317 + h. Is x prime?
True
Let x(v) = 12*v**2 - 7*v - 42. Let f(c) = c**3 - 4*c**2 + 10*c - 37. Let w be f(4). Suppose 0 = w*q - b + 16, 3*q + 2*b = -b - 12. Is x(q) prime?
True
Let g be (-2193)/(-9) - (-2)/(-3). Suppose -g*h = -250*h + 46697. Is h a prime number?
False
Let z = -93613 - -223536. Is z a composite number?
True
Let h be (5 - 7) + (-348)/4. Let x = h - -89. Suppose -30*a + 35*a - 385 = x. Is a composite?
True
Let c(f) = -179*f - 2. Let q be 12/(-8) - (-9)/(-6). Let x be c(q). Let b = 154 + x. Is b a composite